re the prime factors of s/8 + 253/(-44) + 6?
1571
What are the prime factors of ((49516 - -23)/21)/((-2)/3 - -1)?
3, 7, 337
Let q = -415 + 430. Suppose -14*w + 3837 = q. List the prime factors of w.
3, 7, 13
Let y(l) = l**3 - 25*l**2 + 26*l + 55. Let x be y(24). What are the prime factors of ((-75)/20 - -3) + x/4?
5
Suppose -29*k = -28*k - 7. Suppose 3*v = k*v - 1440. List the prime factors of v.
2, 3, 5
Let i be (-3 + 3782/(-10))*30/2. Let c be i/(-24) - 6/(-8). Suppose -4*f = 59 - c. List the prime factors of f.
3, 5
Let y(n) = 3*n**3 - 8*n**2 + n + 12. Let o be y(7). Suppose 4*p - 1012 = o. What are the prime factors of p?
3, 139
Let v = 42658 + -7312. What are the prime factors of v?
2, 3, 43, 137
Let f(r) = 240*r + 55. Let c be f(-7). What are the prime factors of -1*(c - 5)/5?
2, 163
Suppose 0 = 27*s - 201890 - 140551. List the prime factors of s.
11, 1153
Let i(t) = -4*t - 22. Let c be i(-7). Let f(s) = -s + 4. Let m be f(c). List the prime factors of -18*(m - (-4)/(-1)).
2, 3
Let m be -3 - -1 - (1 + -6). Suppose -5*g + 2*y = -135, y = -4*g - m*y + 108. Let u(o) = o. List the prime factors of u(g).
3
Let n = -83 + 77. Let p be (n/4)/((-99)/30 + 3). Suppose -4*f - a + 66 = 22, p*f = -5*a + 40. List the prime factors of f.
2, 3
Let d(j) = j**3 + 2*j**2 + 2. Let c be d(0). Suppose -3*k - 2*n = -454 - 208, -c*k - 4*n = -428. Let w = k + -49. What are the prime factors of w?
5, 7
Let f(j) = 15*j - 27. Let x be 11/(66/12) - (-100 + 2). Let m = x - 92. What are the prime factors of f(m)?
3, 31
Let k(n) = n**2 + 3*n - 43. Let y = -52 - -66. List the prime factors of k(y).
3, 5, 13
Let f(h) = 596*h - 5639. What are the prime factors of f(12)?
17, 89
Let k(y) = -30*y + 5. Let m be k(-18). Let b be 3/(-6) - m/(-10). Let p = b - -185. List the prime factors of p.
239
Let n be 1036/370*3/((-6)/(-10)). Suppose -2099 - 3683 = -n*r. List the prime factors of r.
7, 59
Let v = 165 - 165. Suppose 220*w - 216*w - 1068 = v. List the prime factors of w.
3, 89
Let h be 12/(-4)*(-15)/9 - 3. Suppose 0 = -h*k + 2*t + 138, 262 = 7*k - 3*k + 3*t. What are the prime factors of k?
67
Let t(q) = -q**3 + 50*q**2 + 61*q + 93. Suppose -5*k + 5 = 0, h + k = 2*k + 50. List the prime factors of t(h).
3, 67
Let w = -27 + 106. Let t = w - -103. What are the prime factors of t - (-5)/(10/(-8))?
2, 89
Let j be (-5)/(30/(-2124)) + -6. Let x = j - 31. What are the prime factors of x?
317
List the prime factors of ((-642032)/32 + 14)/(-1) - 10/(-4).
2, 3, 557
Suppose 50*z = 186217 + 71083. What are the prime factors of z?
2, 31, 83
Suppose -3*z + 17438 = -12994. What are the prime factors of z?
2, 317
Let r be (48/(-9))/(-2) - 2/3. Let s be ((-12)/(-20))/(((-6)/(-15))/r). Suppose -s*w - 3*w = -222. List the prime factors of w.
37
Let c(d) = 135*d**2 - 86*d**2 + d - 8 + 4*d + 183*d**2. Let w be c(2). What are the prime factors of 2 + w/(-8)*16/(-6)?
2, 3, 13
Let w = -53 + 110. Let l = w + -42. Suppose 3*y + l = 0, -b + 2*y + 147 = -46. List the prime factors of b.
3, 61
Let c = 60 + -104. Let l = -38 - c. What are the prime factors of l + -5 + 17*1?
2, 3
Let l(j) = 6*j**2 + 7 - 3*j - j**3 + 15*j**2 + 26*j + 18. Let m be l(22). Suppose u + 239 = 3*d, -3*u + m = -4*d + 364. What are the prime factors of d?
2, 5
Let q(m) = -m**3 - 19*m**2 - 19*m - 10. Let n be q(-18). Let x be ((-2)/5)/(n/(-3160)). Let c = x + 15. List the prime factors of c.
173
Let r = -24 - -35. Let c(p) = r - 2*p + 0*p + p**2 - 4*p. List the prime factors of c(6).
11
Let q be (-2231)/8 - 21/168. Let v = q - -405. List the prime factors of v.
2, 3, 7
Let z(o) = 1079*o - 10091. What are the prime factors of z(54)?
5, 41, 47
Let h be (-27 - -24)/(3/(-1207)). Let t = -767 + h. List the prime factors of t.
2, 5, 11
Let q = -60 - -56. List the prime factors of (-1)/q + (-2332)/(-16).
2, 73
List the prime factors of (((-5)/15 + 3)*(-85311)/(-12))/2.
9479
List the prime factors of (98/49)/((-4)/(-11384)).
2, 1423
What are the prime factors of ((-1500)/40 - -23)*324/(-2)?
3, 29
Suppose -3*u + 0 = 78. Let v = 30 + u. Suppose 464 = v*j + 8. List the prime factors of j.
2, 3, 19
Let w = 184 + -388. Let m = w - -335. List the prime factors of m.
131
Suppose -199 = 3*o - 52. Let y = 25 - o. What are the prime factors of y?
2, 37
Let x(m) = -842*m**3 + 18*m**2 - 12*m - 16. What are the prime factors of x(-4)?
2, 7, 11
Let j be 39 + 4*49/(-28). What are the prime factors of -4*(-12)/j*(-262)/(-3)?
131
Suppose 17*a = 21*a - 48. List the prime factors of ((-20)/16*46)/((-2)/a).
3, 5, 23
Let n = 105 - 156. Let b be ((-3)/2)/(n/4216). Suppose -4*h - b = -5*h. What are the prime factors of h?
2, 31
Suppose -33*s + 32*s = 3. Let r be s/(-1) + (4 - 3*-21). Suppose 6*i = 8*i - r. List the prime factors of i.
5, 7
Let s(n) = n**3 + 10*n**2 + 2*n + 10. Suppose 50 = 113*w - 118*w. Let b be s(w). Let f = b + 80. What are the prime factors of f?
2, 5, 7
Let w = -20333 - -34376. What are the prime factors of w?
3, 31, 151
Suppose -828714 = -81*a + 295242. What are the prime factors of a?
2, 3469
What are the prime factors of 360196/12 + (-14)/(-21) - (-60)/(-20)?
2, 43, 349
Let w = -344 + 343. Let a(y) = -99*y**3 + y**2 - 7*y - 7. List the prime factors of a(w).
2, 5
Let i be 0/(-5 + (-1 - -4)). Suppose i = w - 2. Suppose -w*q + 0*n + 144 = 2*n, -2*q = n - 146. What are the prime factors of q?
2, 37
Suppose -690*m + 747*m - 1309746 = 0. List the prime factors of m.
2, 11489
Suppose 274 = k + 82. Suppose -7*l + k = -19*l. List the prime factors of (164/8 - -3)/((-4)/l).
2, 47
Let p = 38 + -8. Suppose -p + 11 = -m. Suppose x + m = 71. What are the prime factors of x?
2, 13
Let y(n) be the third derivative of n**6/120 + 2*n**5/15 + n**4/8 - n**3/3 + 38*n**2. Let x be y(-4). What are the prime factors of (-12)/5*(-4125)/x?
2, 3, 11
Suppose 3*j - 74056 = -3*d + 14084, 5*j + 88172 = 3*d. What are the prime factors of d?
2, 3673
Let s = 265 - 337. List the prime factors of ((-209)/(-2) - 2)*s/(-15).
2, 3, 41
Let y(r) = -8*r**3 + 4*r**2 + 6*r + 2. Let n(k) = -2*k + 43. Let v be n(20). Suppose -4*x - 3*u + v = 2, 4*x + 2*u + 2 = 0. What are the prime factors of y(x)?
2, 5, 7
Let x(t) = -3*t**2 - 111*t - 6. Let d be x(-37). What are the prime factors of ((-21)/14)/(d/3440)?
2, 5, 43
Suppose -3*j + 1 = 5*h + 5, -5*j = 5*h + 10. Suppose 2*y = -y - c - h, -5*y = 5*c + 5. Suppose 7*i - 4*i - 33 = y. List the prime factors of i.
11
Suppose 7*i - 195 = 2*i - 3*r, 26 = i - 2*r. Let g = i + -44. List the prime factors of (-7)/((g/12)/(9*2)).
3, 7
Suppose 1604460 = 311*m - 277*m. List the prime factors of m.
2, 3, 5, 11, 13
What are the prime factors of 10/(-6) + ((-335270)/(-39) - 7)?
2, 19, 113
Suppose 0 = 12*m - 5*m + 945. Let k = m + 154. List the prime factors of k.
19
Let r(f) = -9 - 2*f + 23*f**2 + 10 + 5*f + 2*f. Let l be r(2). Let y = l - 87. What are the prime factors of y?
2
List the prime factors of (6/15)/(60/330)*8535.
3, 11, 569
Let o = 333 + -276. Let x = o + 198. What are the prime factors of x?
3, 5, 17
Suppose 2*y - 3 + 5 = -5*f, -28 = -5*y + 4*f. Let p be (3/y)/(20/560). Let c = 119 + p. List the prime factors of c.
2, 5, 7
Suppose 49*t = 56*t - 154. Let v(w) = 4*w + 15 + 41 - 24. What are the prime factors of v(t)?
2, 3, 5
Let b = -120 - -122. Let v be (5 + -4)/((-2)/(-6)). Suppose 4*j = -11 + v, b*o = -3*j + 186. List the prime factors of o.
2, 3
Suppose 4200 = 84*r - 90*r. Let a = -239 - r. List the prime factors of a.
461
Let o = -736 + 1421. Suppose -3*m = -o + 16. List the prime factors of m.
223
What are the prime factors of (-791)/(-226)*15212/14?
3803
Let q be -4 + (3/(-6) - 51/(-6)). Suppose 107 = q*f + 119. Let u(c) = -7*c**3 - 3*c**2 - 4*c + 4. List the prime factors of u(f).
2, 89
Suppose 4*s = 10*s - 21138. Let g = -2139 + s. List the prime factors of g.
2, 173
What are the prime factors of ((-2)/(-9) - 2886/999)*(-14979)/2?
2, 4993
Let r be 3/4 + ((-1380)/(-80) - 15). Let p(v) = -v - 1. Let h(t) = -10*t**2 - 3*t + 12. Let j(g) = -h(g) - 4*p(g). What are the prime factors of j(r)?
103
Suppose -5*i + o + 40 + 15 = 0, -5*i + 2*o + 55 = 0. Suppose -4*m = -i - 9. Suppose 2*b + m*c = 183, 4*b = -0*c + 5*c + 321. List the prime factors of b.
2, 3, 7
Let l(z) = z + 5. Let b be l(-8). Let h be (-15)/(-7) - (8 - (-770)/(-98)). What